et l be 4/2*22/w. Suppose -41*n + 34*n = -7. What is the greatest common divisor of n and l?
1
Let h be 428/18 - (-10)/45. Suppose -4*c + h = -72. Suppose 0 = 3*a - 0*a - c. Calculate the highest common factor of 20 and a.
4
Suppose s + 4 = 0, -2*s - 52 = 3*k - 1772. What is the highest common factor of k and 27?
9
Suppose 2 + 2 = p. Suppose 4*k + 6 = 3*m - p, 0 = 4*m + 5*k - 65. Suppose -t + m = -0. What is the greatest common divisor of t and 20?
10
Let v = 110 - 164. Let p be 18/v - (-272)/6. What is the highest common factor of 45 and p?
45
Let y(w) = w**3 - 7*w**2 + 10*w - 6. Let c be y(6). Let t = -14 + c. Suppose -t*o + 51 + 12 = -5*q, 6 = -2*q. Calculate the highest common divisor of 36 and o.
12
Let r = -3 + 8. Suppose -74 + 854 = r*p. Let w = -92 + p. What is the greatest common divisor of 8 and w?
8
Let x be 1/1*(-1 - -18). Let p(h) = 2*h**2 - 11*h - 2. Let t be p(-6). Calculate the highest common factor of t and x.
17
Let k = 594 + 31. Calculate the greatest common divisor of 100 and k.
25
Suppose -10 = 2*x - 2. Let i be x/(-3)*(-147)/(-14). Calculate the highest common factor of 126 and i.
14
Let r be (2/(-2))/((-1)/21). Suppose 0 = 3*w - 3*g - 201, w - 42 = 6*g + 45. What is the highest common divisor of r and w?
21
Suppose -28*r = -24*r - 204. What is the greatest common factor of r and 119?
17
Let m = -38 - -97. Let n = -51 + m. What is the greatest common factor of 184 and n?
8
Let b be -4*(20/(-48) - 2/6). Suppose 5*z + 33 = -2*f + b*f, -f + 2*z = -36. Calculate the highest common factor of f and 190.
38
Let q = -5 + 10. Let w be (-28)/(-7) + -9 + 10. What is the highest common divisor of w and q?
5
Let v(l) = -117*l + 2 - 1 + 0 - 4. Let i be v(-1). Suppose -i = -8*k + 46. Calculate the highest common divisor of 60 and k.
20
Let r be (-8)/(-36)*-903*3/(-1). Calculate the highest common factor of 172 and r.
86
Let m = -12 - -17. Let b = m - 4. Let o(c) = c**2 - 9*c + 2. Let a be o(9). What is the highest common factor of a and b?
1
Let r be (-14)/(-1) - (1 - 1). Let p(i) = -i - 13. Let n be p(-15). Suppose 5 = 5*o + 4*k - 84, n*k - 13 = -o. Calculate the highest common factor of r and o.
7
Suppose 0 = -4*y + 3*c + 54, 5*c = 6*c - 2. Suppose 2*o - 37 = -5*x + 4*o, -o = -2*x + y. Calculate the highest common divisor of x and 63.
7
Let u(m) = m**2 + 11*m - 23. Let y be u(-13). Suppose y*i - 3*h = 21, 6*h - 2*h = -3*i + 7. What is the greatest common divisor of 55 and i?
5
Let s(l) = -176*l - 14. Let y be s(-8). Suppose -74 = 6*u - y. Calculate the highest common divisor of u and 44.
44
Suppose 5*k + j - 9 - 7 = 0, 2*k + j - 7 = 0. Let t = -12 - -21. Suppose -4*f + f + t = 0. Calculate the highest common divisor of k and f.
3
Let m(p) = -p**3 + 2*p**2 + 2*p - 4. Let q be m(-3). Let r(l) = 4*l + 2. Let h be r(1). Let s = h - -1. Calculate the greatest common factor of q and s.
7
Suppose 4*b + 0*b = 36. Let o be (-145)/(-45) + (-2)/b. Suppose 0 = 3*q + 2*m - 25, q - o*m - 2*m = -20. Calculate the highest common divisor of q and 45.
5
Let g(r) = -2*r**3 + r**2 - 2*r. Let l be g(-2). Let h = -26 + l. Let s be (32 + h)*1/2. Calculate the greatest common factor of 10 and s.
5
Let n(f) = -132*f + 5903. Let z be n(44). Suppose 7*w - 4*w - 57 = 0. Calculate the greatest common divisor of z and w.
19
Let h be (-6)/(-24) + (-55)/(-20). Suppose 0*o = -o + 2, -3*o = 2*v - 18. Calculate the greatest common factor of v and h.
3
Suppose -405 - 9 = -23*u. Calculate the greatest common factor of u and 45.
9
Let v be 323/(-34)*(-15 + 5). What is the highest common factor of v and 171?
19
Let o be (-100)/(-7) + (-4)/14. Suppose -4*c - o = c - 2*q, 5*q = 4*c + 1. Let i be c + (-3 + 3 - -64). What is the greatest common factor of 12 and i?
12
Let x be (-424)/(-8) + (-4 - (-4)/2). Suppose 0 = 5*z - 2*z - x. What is the highest common factor of 51 and z?
17
Suppose -4*r + 468 = 4*g, 5*r - 6*r - 555 = -5*g. Let u(o) = 14*o**2 - o - 1. Let z be u(-1). What is the highest common divisor of g and z?
14
Let y(v) = -v**3 + 8*v**2 - 6*v - 3. Let z be y(3). Let h = -20 + z. Let a be h*(12/(-4) + 5). What is the greatest common factor of a and 88?
8
Let p be (-40)/(-12)*(6 - 3). Suppose -j = j - p. Suppose j*t + l - 87 = -3*l, -4*t - l = -74. What is the highest common factor of 133 and t?
19
Suppose -332 = -5*s + x, -5*x + 90 = 4*s - 164. Calculate the highest common factor of s and 12.
6
Let w be 0*1/3 + 1. Let h(f) = 5*f + w + 20*f**2 + 11 - 12*f**2 - 7*f**2. Let n be h(-8). Calculate the highest common factor of n and 12.
12
Suppose -893 = -9*r + 592. Calculate the highest common factor of r and 99.
33
Let l be (-6 + (-686)/(-21))*6. Let w(t) = t**3 + t**2 - t + 20. Let o be w(0). Calculate the highest common factor of l and o.
20
Let u(h) = -2*h + 15. Let z be u(-2). What is the greatest common divisor of 209 and z?
19
Suppose 0 = 3*q, -2*z - 2*q + 28 + 2 = 0. Let a = 13 - -47. Suppose -a = -4*b - 0*b. Calculate the highest common factor of b and z.
15
Let x(q) = -q**3 + 11*q**2 - 10*q + 3. Let c be x(10). Suppose -c*w + 65 = 2*w. What is the highest common divisor of w and 117?
13
Let k = -79 - -91. Suppose 3*n + c - 337 = 0, 4*n = -10*c + k*c + 446. Calculate the highest common factor of 32 and n.
16
Let w(z) = -z**3 + 13*z**2 - 13*z + 12. Let a be w(12). Let i be ((-4)/(-9))/(2/9). Suppose a*o - i*o = -6. What is the greatest common factor of o and 21?
3
Let b be 21/(28/60 + (-30)/225). Calculate the greatest common factor of 3087 and b.
63
Suppose 16*t - 840 = -8*t. What is the greatest common factor of t and 1295?
35
Suppose -4*k + 5 = -31. Suppose 0 = -4*j + 27 - 7. Let u = k + j. What is the highest common divisor of 7 and u?
7
Suppose 9*f = 3*y + 8*f - 4, f = -y - 4. Suppose -2*g = x - 48, y = x - 4*x - 3*g + 135. Calculate the highest common factor of x and 42.
42
Let x(r) = -44*r**3 - 2*r**2 - r. Let f be x(-1). Let v = f - 41. Calculate the greatest common divisor of v and 14.
2
Let a be 12/(-7)*(-7)/2. Let y = a + -6. Let t be 2 - -1 - y - -63. Calculate the highest common factor of 6 and t.
6
Let s = 344 + 63. Calculate the highest common factor of 37 and s.
37
Suppose -7*y + 27 - 6 = 0. Let x be ((-2)/((-8)/y))/((-3)/(-36)). What is the highest common factor of 18 and x?
9
Let g(h) = 6*h**2 + 7*h - 22. Let x be g(-3). Let j be 62/6 + (-6)/(-9). What is the greatest common divisor of x and j?
11
Suppose -3*r + 36 = 2*h, -24 = -10*r + 8*r - 4*h. What is the greatest common factor of r and 64?
4
Let a be (-14976)/(-364)*42/9. What is the greatest common divisor of a and 156?
12
Let i = 77 - 2. Let w = 18 - 22. Let a be (w/(-8))/(3/150). What is the highest common factor of i and a?
25
Suppose 4*s - 4*g - 191 = 437, 0 = -5*s + g + 785. Let a = s - 129. What is the highest common factor of 84 and a?
28
Let w = -361 - -403. Let x(m) = -4*m + 3 - 4 + 5. Let t be x(-6). What is the highest common factor of w and t?
14
Let a(k) = 39*k + 231. Let m be a(-5). Let s(v) = 2*v**2 + 4. Let t be s(-4). Calculate the highest common factor of t and m.
36
Suppose 3*u + 8*x = 3*x + 383, 0 = 4*u + x - 539. What is the highest common divisor of u and 51?
17
Suppose -2*j = j + 15, -3*j = -5*l + 25. Suppose -l*r = -r - 9. Suppose 0*t + 432 = 6*t. What is the highest common factor of r and t?
9
Let l(o) = -13*o - 8. Let g be l(-5). Let n = 88 - g. What is the greatest common divisor of n and 155?
31
Let k(j) = j**3 - 18*j**2 + 24*j - 2. Let f be k(17). Calculate the highest common factor of f and 26.
13
Suppose -2*v + 11 = -1. Let w be 8/v*189/6. Calculate the highest common factor of w and 6.
6
Suppose -4*f - 15 = 2*d - 77, f + 4 = 0. What is the greatest common factor of 3 and d?
3
Let y(q) = 43*q - 12. Let f be y(4). Suppose f = 14*p - 10*p. What is the highest common divisor of p and 10?
10
Suppose 2*u - 2173 = -4*b + 3*u, 4*b = -4*u + 2188. Calculate the greatest common factor of 204 and b.
68
Let p be (-320)/2*(-4 - (-36)/12). Calculate the highest common divisor of p and 15.
5
Let h(i) = 7*i**2 - 26*i - 17. Let r be h(7). What is the highest common divisor of r and 240?
48
Let x be -3*17330/(-135) + 6/(-54). What is the highest common factor of 77 and x?
77
Suppose 201*d = 205*d - 184. What is the greatest common factor of 253 and d?
23
Let j = 229 - 40. Wh